{"id":1807,"date":"2020-05-12T15:53:08","date_gmt":"2020-05-12T15:53:08","guid":{"rendered":"https:\/\/honduras.kolping.pl\/?page_id=1807"},"modified":"2020-05-14T13:30:16","modified_gmt":"2020-05-14T13:30:16","slug":"produkcja-kawy","status":"publish","type":"page","link":"https:\/\/honduras.kolping.pl\/index.php\/produkcja-kawy\/","title":{"rendered":"PRODUKCJA KAWY"},"content":{"rendered":"\n<figure class=\"wp-block-image size-large\"><img loading=\"lazy\" decoding=\"async\" width=\"1024\" height=\"683\" src=\"https:\/\/honduras.kolping.pl\/wp-content\/uploads\/2020\/05\/IMG_4127-1024x683.jpg\" alt=\"\" class=\"wp-image-1919\" srcset=\"https:\/\/honduras.kolping.pl\/wp-content\/uploads\/2020\/05\/IMG_4127-1024x683.jpg 1024w, https:\/\/honduras.kolping.pl\/wp-content\/uploads\/2020\/05\/IMG_4127-300x200.jpg 300w, https:\/\/honduras.kolping.pl\/wp-content\/uploads\/2020\/05\/IMG_4127-768x512.jpg 768w, https:\/\/honduras.kolping.pl\/wp-content\/uploads\/2020\/05\/IMG_4127-1536x1024.jpg 1536w, https:\/\/honduras.kolping.pl\/wp-content\/uploads\/2020\/05\/IMG_4127.jpg 1555w\" sizes=\"auto, (max-width: 1024px) 100vw, 1024px\" \/><\/figure>\n\n\n\n<p class=\"has-drop-cap has-normal-font-size\">Produkcja kawy to ci\u0119\u017cka i wyczerpuj\u0105ca praca. G\u0142\u00f3wn\u0105 przyczyn\u0105 jest ukszta\u0142towanie terenu \u2013 plantacje kawy znajduj\u0105 si\u0119 w wysokich g\u00f3rach. Drogi prowadz\u0105ce do plantacji s\u0105 d\u0142ugie i niebezpieczne. Najcz\u0119\u015bciej producenci s\u0105 zmuszeni do d\u017awigania ci\u0119\u017ckich, 50-kilogramowych work\u00f3w kawy w g\u00f3r\u0119 i w d\u00f3\u0142 nawet do 5 razy dziennie. Ze wzgl\u0119du na du\u017c\u0105 ilo\u015b\u0107 produkowanej w Hondurasie kawy i brak mechanizacji produkcji, po\u015brednicy p\u0142ac\u0105 niewielkie pieni\u0105dze, kt\u00f3re nie zapewniaj\u0105 godziwej zap\u0142aty za t\u0119 ci\u0119\u017ck\u0105 prac\u0119 i nie zapewniaj\u0105 wystarczaj\u0105cych \u015brodk\u00f3w do \u017cycia i utrzymania rodziny przez producent\u00f3w kawy.<\/p>\n\n\n\n<p style=\"font-size:28px\" class=\"has-text-color has-luminous-vivid-orange-color\">Prze\u0142om nast\u0105pi\u0142, gdy czterech braci za\u0142o\u017cy\u0142o Rodzin\u0119 Kolpinga. Wszyscy cz\u0142onkowie Rodziny&nbsp; byli hodowcami kawy d\u0105\u017c\u0105cymi do zmiany niepewnych warunk\u00f3w pracy. <\/p>\n\n\n\n<p class=\"has-normal-font-size\">Dzi\u0119ki pocz\u0105tkowemu wsparciu zapewnionemu przez Dzie\u0142o Kolpinga, mogli kupi\u0107 sadzonki kawy oraz wzi\u0105\u0107 udzia\u0142 w organizowanym przez Kolping szkoleniu dotycz\u0105cym procesu produkcji kawy.<\/p>\n\n\n\n<p class=\"has-drop-cap has-normal-font-size\">Teraz bracia mogli produkowa\u0107 kaw\u0119 wy\u017cszej jako\u015bci. Nabyta wiedza na temat produkcji i jako\u015bci kawy sprawi\u0142a, \u017ce producenci byli w stanie przedstawi\u0107 jednolity front i przemawia\u0107 jednym g\u0142osem do po\u015brednik\u00f3w, a tak\u017ce pobiera\u0107 znacznie wy\u017csze ceny za sprzeda\u017c kawy.&nbsp;<\/p>\n\n\n\n<p style=\"font-size:28px\" class=\"has-text-color has-luminous-vivid-orange-color\">Przedp\u0142aty zapewni\u0142y bezpiecze\u0144stwo inwestycji przed zbiorami. Do braci do\u0142\u0105cza\u0142o coraz wi\u0119cej producent\u00f3w kawy. Dzi\u015b mog\u0105 godnie \u017cy\u0107 z plon\u00f3w.<\/p>\n\n\n\n<p class=\"has-normal-font-size\">\u017bycie na plantacji:<\/p>\n\n\n\n<figure class=\"wp-block-gallery columns-2 is-cropped wp-block-gallery-1 is-layout-flex wp-block-gallery-is-layout-flex\"><ul class=\"blocks-gallery-grid\"><li class=\"blocks-gallery-item\"><figure><a href=\"https:\/\/honduras.kolping.pl\/wp-content\/uploads\/2020\/05\/IMG_4541.jpg\"><img loading=\"lazy\" decoding=\"async\" width=\"529\" height=\"353\" src=\"https:\/\/honduras.kolping.pl\/wp-content\/uploads\/2020\/05\/IMG_4541.jpg\" alt=\"\" data-id=\"1968\" data-link=\"https:\/\/honduras.kolping.pl\/index.php\/produkcja-kawy\/img_4541\/\" class=\"wp-image-1968\" srcset=\"https:\/\/honduras.kolping.pl\/wp-content\/uploads\/2020\/05\/IMG_4541.jpg 529w, https:\/\/honduras.kolping.pl\/wp-content\/uploads\/2020\/05\/IMG_4541-300x200.jpg 300w\" sizes=\"auto, (max-width: 529px) 100vw, 529px\" \/><\/a><\/figure><\/li><li class=\"blocks-gallery-item\"><figure><a href=\"https:\/\/honduras.kolping.pl\/wp-content\/uploads\/2020\/05\/IMG_4395.jpg\"><img loading=\"lazy\" decoding=\"async\" width=\"864\" height=\"576\" src=\"https:\/\/honduras.kolping.pl\/wp-content\/uploads\/2020\/05\/IMG_4395.jpg\" alt=\"\" data-id=\"1969\" data-link=\"https:\/\/honduras.kolping.pl\/index.php\/produkcja-kawy\/img_4395\/\" class=\"wp-image-1969\" srcset=\"https:\/\/honduras.kolping.pl\/wp-content\/uploads\/2020\/05\/IMG_4395.jpg 864w, https:\/\/honduras.kolping.pl\/wp-content\/uploads\/2020\/05\/IMG_4395-300x200.jpg 300w, https:\/\/honduras.kolping.pl\/wp-content\/uploads\/2020\/05\/IMG_4395-768x512.jpg 768w\" sizes=\"auto, (max-width: 864px) 100vw, 864px\" \/><\/a><\/figure><\/li><li class=\"blocks-gallery-item\"><figure><a href=\"https:\/\/honduras.kolping.pl\/wp-content\/uploads\/2020\/05\/IMG_4315.jpg\"><img loading=\"lazy\" decoding=\"async\" width=\"864\" height=\"576\" src=\"https:\/\/honduras.kolping.pl\/wp-content\/uploads\/2020\/05\/IMG_4315.jpg\" alt=\"\" data-id=\"1970\" data-link=\"https:\/\/honduras.kolping.pl\/index.php\/produkcja-kawy\/img_4315\/\" class=\"wp-image-1970\" srcset=\"https:\/\/honduras.kolping.pl\/wp-content\/uploads\/2020\/05\/IMG_4315.jpg 864w, https:\/\/honduras.kolping.pl\/wp-content\/uploads\/2020\/05\/IMG_4315-300x200.jpg 300w, https:\/\/honduras.kolping.pl\/wp-content\/uploads\/2020\/05\/IMG_4315-768x512.jpg 768w\" sizes=\"auto, (max-width: 864px) 100vw, 864px\" \/><\/a><\/figure><\/li><li class=\"blocks-gallery-item\"><figure><a href=\"https:\/\/honduras.kolping.pl\/wp-content\/uploads\/2020\/05\/IMG_4656.jpg\"><img loading=\"lazy\" decoding=\"async\" width=\"864\" height=\"576\" src=\"https:\/\/honduras.kolping.pl\/wp-content\/uploads\/2020\/05\/IMG_4656.jpg\" alt=\"\" data-id=\"1971\" data-link=\"https:\/\/honduras.kolping.pl\/index.php\/produkcja-kawy\/img_4656\/\" class=\"wp-image-1971\" srcset=\"https:\/\/honduras.kolping.pl\/wp-content\/uploads\/2020\/05\/IMG_4656.jpg 864w, https:\/\/honduras.kolping.pl\/wp-content\/uploads\/2020\/05\/IMG_4656-300x200.jpg 300w, https:\/\/honduras.kolping.pl\/wp-content\/uploads\/2020\/05\/IMG_4656-768x512.jpg 768w\" sizes=\"auto, (max-width: 864px) 100vw, 864px\" \/><\/a><\/figure><\/li><li class=\"blocks-gallery-item\"><figure><a href=\"https:\/\/honduras.kolping.pl\/wp-content\/uploads\/2020\/05\/IMG_20190219_144013-suszeniekawy.jpg\"><img loading=\"lazy\" decoding=\"async\" width=\"872\" height=\"654\" src=\"https:\/\/honduras.kolping.pl\/wp-content\/uploads\/2020\/05\/IMG_20190219_144013-suszeniekawy.jpg\" alt=\"\" data-id=\"1974\" data-link=\"https:\/\/honduras.kolping.pl\/index.php\/produkcja-kawy\/img_20190219_144013-suszeniekawy\/\" class=\"wp-image-1974\" srcset=\"https:\/\/honduras.kolping.pl\/wp-content\/uploads\/2020\/05\/IMG_20190219_144013-suszeniekawy.jpg 872w, https:\/\/honduras.kolping.pl\/wp-content\/uploads\/2020\/05\/IMG_20190219_144013-suszeniekawy-300x225.jpg 300w, https:\/\/honduras.kolping.pl\/wp-content\/uploads\/2020\/05\/IMG_20190219_144013-suszeniekawy-768x576.jpg 768w\" sizes=\"auto, (max-width: 872px) 100vw, 872px\" \/><\/a><\/figure><\/li><li class=\"blocks-gallery-item\"><figure><a href=\"https:\/\/honduras.kolping.pl\/wp-content\/uploads\/2020\/05\/IMG_4403.jpg\"><img loading=\"lazy\" decoding=\"async\" width=\"864\" height=\"576\" src=\"https:\/\/honduras.kolping.pl\/wp-content\/uploads\/2020\/05\/IMG_4403.jpg\" alt=\"\" data-id=\"1975\" data-link=\"https:\/\/honduras.kolping.pl\/index.php\/produkcja-kawy\/img_4403\/\" class=\"wp-image-1975\" srcset=\"https:\/\/honduras.kolping.pl\/wp-content\/uploads\/2020\/05\/IMG_4403.jpg 864w, https:\/\/honduras.kolping.pl\/wp-content\/uploads\/2020\/05\/IMG_4403-300x200.jpg 300w, https:\/\/honduras.kolping.pl\/wp-content\/uploads\/2020\/05\/IMG_4403-768x512.jpg 768w\" sizes=\"auto, (max-width: 864px) 100vw, 864px\" \/><\/a><\/figure><\/li><li class=\"blocks-gallery-item\"><figure><a href=\"https:\/\/honduras.kolping.pl\/wp-content\/uploads\/2020\/05\/IMG_4731-2.jpg\"><img loading=\"lazy\" decoding=\"async\" width=\"864\" height=\"576\" src=\"https:\/\/honduras.kolping.pl\/wp-content\/uploads\/2020\/05\/IMG_4731-2.jpg\" alt=\"\" data-id=\"1973\" data-link=\"https:\/\/honduras.kolping.pl\/index.php\/produkcja-kawy\/img_4731-2-2\/\" class=\"wp-image-1973\" srcset=\"https:\/\/honduras.kolping.pl\/wp-content\/uploads\/2020\/05\/IMG_4731-2.jpg 864w, https:\/\/honduras.kolping.pl\/wp-content\/uploads\/2020\/05\/IMG_4731-2-300x200.jpg 300w, https:\/\/honduras.kolping.pl\/wp-content\/uploads\/2020\/05\/IMG_4731-2-768x512.jpg 768w\" sizes=\"auto, (max-width: 864px) 100vw, 864px\" \/><\/a><\/figure><\/li><\/ul><\/figure>\n\n\n\n<p class=\"has-drop-cap has-normal-font-size\">W 1995 roku kolpingowscy rolnicy z Hondurasu nawi\u0105zali wsp\u00f3\u0142prac\u0119 z Palarni\u0105 Kawy Langen Medebach i Dzie\u0142em Kolpinga z Paderborn w Niemczech. Zacz\u0119li sprzedawa\u0107 swoj\u0105 kaw\u0119 z pomini\u0119ciem po\u015brednik\u00f3w prosto do Europy &#8211; tak powsta\u0142a kolpingowska marka Kawy Tatico. W 2016 roku Fundacja Dzie\u0142a Kolpinga w Polsce nawi\u0105za\u0142a wsp\u00f3\u0142prac\u0119 z producentami z Hondurasu oraz palarni\u0105 kawy z Niemiec i w ten spos\u00f3b uda\u0142o si\u0119 wprowadzi\u0107 kaw\u0119 Tatico r\u00f3wnie\u017c na polski rynek. <\/p>\n\n\n\n<p><a href=\"https:\/\/honduras.kolping.pl\/index.php\/nasza-wspolpraca-z-hondurasem\/\">czytaj wi\u0119cej o kolpingowskiej wsp\u00f3\u0142pracy Kolpinga polskiego i honduraskiego.<\/a><\/p>\n","protected":false},"excerpt":{"rendered":"<p>Produkcja kawy to ci\u0119\u017cka i wyczerpuj\u0105ca praca. G\u0142\u00f3wn\u0105 przyczyn\u0105 jest ukszta\u0142towanie terenu \u2013 plantacje kawy znajduj\u0105 si\u0119 w wysokich g\u00f3rach. Drogi prowadz\u0105ce do plantacji s\u0105 d\u0142ugie i niebezpieczne. Najcz\u0119\u015bciej producenci &#8230;<\/p>\n","protected":false},"author":3,"featured_media":0,"parent":0,"menu_order":0,"comment_status":"closed","ping_status":"closed","template":"","meta":{"give_campaign_id":0,"footnotes":""},"class_list":["post-1807","page","type-page","status-publish","hentry"],"campaignId":"","_links":{"self":[{"href":"https:\/\/honduras.kolping.pl\/index.php\/wp-json\/wp\/v2\/pages\/1807","targetHints":{"allow":["GET"]}}],"collection":[{"href":"https:\/\/honduras.kolping.pl\/index.php\/wp-json\/wp\/v2\/pages"}],"about":[{"href":"https:\/\/honduras.kolping.pl\/index.php\/wp-json\/wp\/v2\/types\/page"}],"author":[{"embeddable":true,"href":"https:\/\/honduras.kolping.pl\/index.php\/wp-json\/wp\/v2\/users\/3"}],"replies":[{"embeddable":true,"href":"https:\/\/honduras.kolping.pl\/index.php\/wp-json\/wp\/v2\/comments?post=1807"}],"version-history":[{"count":7,"href":"https:\/\/honduras.kolping.pl\/index.php\/wp-json\/wp\/v2\/pages\/1807\/revisions"}],"predecessor-version":[{"id":1982,"href":"https:\/\/honduras.kolping.pl\/index.php\/wp-json\/wp\/v2\/pages\/1807\/revisions\/1982"}],"wp:attachment":[{"href":"https:\/\/honduras.kolping.pl\/index.php\/wp-json\/wp\/v2\/media?parent=1807"}],"curies":[{"name":"wp","href":"https:\/\/api.w.org\/{rel}","templated":true}]}}