{"id":1583,"date":"2020-05-11T12:45:19","date_gmt":"2020-05-11T12:45:19","guid":{"rendered":"https:\/\/honduras.kolping.pl\/?page_id=1583"},"modified":"2020-05-25T14:01:25","modified_gmt":"2020-05-25T14:01:25","slug":"kolping-polska","status":"publish","type":"page","link":"https:\/\/honduras.kolping.pl\/index.php\/kolping-polska\/","title":{"rendered":"Kolping Polska"},"content":{"rendered":"\n<div class=\"wp-block-image\"><figure class=\"aligncenter size-large\"><img loading=\"lazy\" decoding=\"async\" width=\"1024\" height=\"536\" src=\"https:\/\/honduras.kolping.pl\/wp-content\/uploads\/2020\/05\/motywacja3-1024x536.png\" alt=\"\" class=\"wp-image-2025\" srcset=\"https:\/\/honduras.kolping.pl\/wp-content\/uploads\/2020\/05\/motywacja3-1024x536.png 1024w, https:\/\/honduras.kolping.pl\/wp-content\/uploads\/2020\/05\/motywacja3-300x157.png 300w, https:\/\/honduras.kolping.pl\/wp-content\/uploads\/2020\/05\/motywacja3-768x402.png 768w, https:\/\/honduras.kolping.pl\/wp-content\/uploads\/2020\/05\/motywacja3.png 1200w\" sizes=\"auto, (max-width: 1024px) 100vw, 1024px\" \/><\/figure><\/div>\n\n\n\n<p class=\"has-drop-cap has-normal-font-size\">Nasza wsp\u00f3lnota jest cz\u0119\u015bci\u0105 mi\u0119dzynarodowej katolickiej spo\u0142eczno\u015bci dzia\u0142aj\u0105cej zgodnie z ide\u0105 udzielania pomocy, kt\u00f3ra motywuje do dzia\u0142ania. Dzie\u0142o Kolpinga w Polsce, podobnie jak w innych krajach, tworz\u0105 lokalne stowarzyszenia zwane&nbsp;<strong>Rodzinami Kolpinga<\/strong>&nbsp;zak\u0142adane przy parafiach i dzia\u0142aj\u0105ce na ich terenie.<\/p>\n\n\n\n<p class=\"has-normal-font-size\">Do g\u0142\u00f3wnych zada\u0144 Dzie\u0142a Kolpinga w naszym kraju nale\u017cy wspieranie os\u00f3b bezrobotnych, przeciwdzia\u0142anie wykluczeniu os\u00f3b starszych, dzia\u0142ania na rzecz dzieci i m\u0142odzie\u017cy oraz rozw\u00f3j spo\u0142ecze\u0144stwa obywatelskiego i spo\u0142eczno\u015bci lokalnych.&nbsp;<\/p>\n\n\n\n<p style=\"font-size:24px\" class=\"has-text-color has-luminous-vivid-orange-color\">W 2007 roku powsta\u0142a Fundacja Dzie\u0142a Kolpinga w Polsce, kt\u00f3rej celem jest rozwijanie spo\u0142ecze\u0144stwa obywatelskiego oraz ochrona praw i wolno\u015bci cz\u0142owieka w Polsce i krajach Globalnego Po\u0142udnia.<\/p>\n\n\n\n<p class=\"has-drop-cap has-normal-font-size\">Fundacja Dzie\u0142a Kolpinga ma na koncie wiele mi\u0119dzynarodowych projekt\u00f3w oraz akcj\u0119 pomocow\u0105 na rzecz Ugandy. Akcja zosta\u0142a zrealizowana w 2016 roku pod has\u0142em WIADERKO PR\u0104DU. Za zebrane dzi\u0119ki akcji pieni\u0105dze, zakupione zosta\u0142y panele s\u0142oneczne, kt\u00f3re zamontowano w ma\u0142ych ugandyjskich miejscowo\u015bciach w dystryktach Jinja, Kibale, Hoima, Kasese, Arua, Kabale i Lira. Fundacja Dzie\u0142a Kolpinga w Polsce dzia\u0142a\u0142a w partnerstwie z kolpingowsk\u0105 organizacj\u0105 z Ugandy, kt\u00f3ra odpowiedzialna by\u0142a za dzia\u0142ania na miejscu.<\/p>\n\n\n\n<figure class=\"wp-block-gallery aligncenter columns-2 is-cropped wp-block-gallery-1 is-layout-flex wp-block-gallery-is-layout-flex\"><ul class=\"blocks-gallery-grid\"><li class=\"blocks-gallery-item\"><figure><a href=\"https:\/\/honduras.kolping.pl\/wp-content\/uploads\/2020\/05\/www.wiaderkopradu.pl_.jpg\"><img loading=\"lazy\" decoding=\"async\" width=\"940\" height=\"788\" src=\"https:\/\/honduras.kolping.pl\/wp-content\/uploads\/2020\/05\/www.wiaderkopradu.pl_.jpg\" alt=\"\" data-id=\"2005\" data-full-url=\"https:\/\/honduras.kolping.pl\/wp-content\/uploads\/2020\/05\/www.wiaderkopradu.pl_.jpg\" data-link=\"https:\/\/honduras.kolping.pl\/index.php\/kolping-polska\/www-wiaderkopradu-pl_\/\" class=\"wp-image-2005\" srcset=\"https:\/\/honduras.kolping.pl\/wp-content\/uploads\/2020\/05\/www.wiaderkopradu.pl_.jpg 940w, https:\/\/honduras.kolping.pl\/wp-content\/uploads\/2020\/05\/www.wiaderkopradu.pl_-300x251.jpg 300w, https:\/\/honduras.kolping.pl\/wp-content\/uploads\/2020\/05\/www.wiaderkopradu.pl_-768x644.jpg 768w\" sizes=\"auto, (max-width: 940px) 100vw, 940px\" \/><\/a><figcaption class=\"blocks-gallery-item__caption\">Plakat promuj\u0105cy akcj\u0119 Wiaderko Pr\u0105du<br><\/figcaption><\/figure><\/li><li class=\"blocks-gallery-item\"><figure><a href=\"https:\/\/honduras.kolping.pl\/wp-content\/uploads\/2020\/05\/DSC_0432.jpg\"><img loading=\"lazy\" decoding=\"async\" width=\"774\" height=\"518\" src=\"https:\/\/honduras.kolping.pl\/wp-content\/uploads\/2020\/05\/DSC_0432.jpg\" alt=\"\" data-id=\"2006\" data-full-url=\"https:\/\/honduras.kolping.pl\/wp-content\/uploads\/2020\/05\/DSC_0432.jpg\" data-link=\"https:\/\/honduras.kolping.pl\/index.php\/kolping-polska\/dsc_0432\/\" class=\"wp-image-2006\" srcset=\"https:\/\/honduras.kolping.pl\/wp-content\/uploads\/2020\/05\/DSC_0432.jpg 774w, https:\/\/honduras.kolping.pl\/wp-content\/uploads\/2020\/05\/DSC_0432-300x201.jpg 300w, https:\/\/honduras.kolping.pl\/wp-content\/uploads\/2020\/05\/DSC_0432-768x514.jpg 768w\" sizes=\"auto, (max-width: 774px) 100vw, 774px\" \/><\/a><figcaption class=\"blocks-gallery-item__caption\">Podzi\u0119kowania z Ugandy<\/figcaption><\/figure><\/li><\/ul><\/figure>\n\n\n\n<p class=\"has-normal-font-size\">Fundacja Dzie\u0142a Kolpinga w Polsce jest operatorem akcji Razem dla Hondurasu. Mamy do\u015bwiadczenie w prowadzeniu akcji pomocowych oraz we wsp\u00f3\u0142pracy z organizacjami obywatelskimi z kraj\u00f3w rozwijaj\u0105cych si\u0119.<\/p>\n\n\n\n<div class=\"wp-block-buttons is-layout-flex wp-block-buttons-is-layout-flex\">\n<div class=\"wp-block-button\"><a class=\"wp-block-button__link\" href=\"https:\/\/honduras.kolping.pl\/index.php\/zobacz-jak-dzialamy\/\">JAK DZIA\u0141AMY<\/a><\/div>\n\n\n\n<div class=\"wp-block-button is-style-outline is-style-outline--2\"><a class=\"wp-block-button__link\" href=\"https:\/\/honduras.kolping.pl\/index.php\/nasza-wspolpraca-z-hondurasem\/\">PARTNERSTWO Z HONDURASEM<\/a><\/div>\n\n\n\n<div class=\"wp-block-button is-style-outline is-style-outline--3\"><a class=\"wp-block-button__link has-text-color has-luminous-vivid-orange-color\" href=\"https:\/\/honduras.kolping.pl\/index.php\/wplac\/\">WP\u0141A\u0106<\/a><\/div>\n<\/div>\n\n\n\n<p>Krzysztof Wolski z Dzie\u0142a Kolpinga w Polsce. O akcji &#8222;Razem dla Hondurasu&#8221;:<\/p>\n\n\n\n<figure class=\"wp-block-embed-youtube wp-block-embed is-type-video is-provider-youtube wp-embed-aspect-16-9 wp-has-aspect-ratio\"><div class=\"wp-block-embed__wrapper\">\n<iframe loading=\"lazy\" title=\"Razem dla Hondurasu\" width=\"800\" height=\"450\" src=\"https:\/\/www.youtube.com\/embed\/EJ6xncfKSt8?feature=oembed\" frameborder=\"0\" allow=\"accelerometer; autoplay; encrypted-media; gyroscope; picture-in-picture\" allowfullscreen><\/iframe>\n<\/div><\/figure>\n","protected":false},"excerpt":{"rendered":"<p>Nasza wsp\u00f3lnota jest cz\u0119\u015bci\u0105 mi\u0119dzynarodowej katolickiej spo\u0142eczno\u015bci dzia\u0142aj\u0105cej zgodnie z ide\u0105 udzielania pomocy, kt\u00f3ra motywuje do dzia\u0142ania. Dzie\u0142o Kolpinga w Polsce, podobnie jak w innych krajach, tworz\u0105 lokalne stowarzyszenia zwane&nbsp;Rodzinami &#8230;<\/p>\n","protected":false},"author":3,"featured_media":1700,"parent":0,"menu_order":0,"comment_status":"closed","ping_status":"closed","template":"","meta":{"give_campaign_id":0,"footnotes":""},"class_list":["post-1583","page","type-page","status-publish","has-post-thumbnail","hentry"],"campaignId":"","_links":{"self":[{"href":"https:\/\/honduras.kolping.pl\/index.php\/wp-json\/wp\/v2\/pages\/1583","targetHints":{"allow":["GET"]}}],"collection":[{"href":"https:\/\/honduras.kolping.pl\/index.php\/wp-json\/wp\/v2\/pages"}],"about":[{"href":"https:\/\/honduras.kolping.pl\/index.php\/wp-json\/wp\/v2\/types\/page"}],"author":[{"embeddable":true,"href":"https:\/\/honduras.kolping.pl\/index.php\/wp-json\/wp\/v2\/users\/3"}],"replies":[{"embeddable":true,"href":"https:\/\/honduras.kolping.pl\/index.php\/wp-json\/wp\/v2\/comments?post=1583"}],"version-history":[{"count":25,"href":"https:\/\/honduras.kolping.pl\/index.php\/wp-json\/wp\/v2\/pages\/1583\/revisions"}],"predecessor-version":[{"id":2106,"href":"https:\/\/honduras.kolping.pl\/index.php\/wp-json\/wp\/v2\/pages\/1583\/revisions\/2106"}],"wp:featuredmedia":[{"embeddable":true,"href":"https:\/\/honduras.kolping.pl\/index.php\/wp-json\/wp\/v2\/media\/1700"}],"wp:attachment":[{"href":"https:\/\/honduras.kolping.pl\/index.php\/wp-json\/wp\/v2\/media?parent=1583"}],"curies":[{"name":"wp","href":"https:\/\/api.w.org\/{rel}","templated":true}]}}