{"id":1579,"date":"2020-05-11T12:43:07","date_gmt":"2020-05-11T12:43:07","guid":{"rendered":"https:\/\/honduras.kolping.pl\/?page_id=1579"},"modified":"2020-07-21T17:25:37","modified_gmt":"2020-07-21T17:25:37","slug":"kryzys-w-hondurasie","status":"publish","type":"page","link":"https:\/\/honduras.kolping.pl\/index.php\/kryzys-w-hondurasie\/","title":{"rendered":"Kryzys w Hondurasie"},"content":{"rendered":"\n<p class=\"has-drop-cap has-normal-font-size\">Druga w nocy. Do naszej kole\u017canki z organizacji &#8211; Magdy dzwoni telefon. To Rufino &#8211; dyrektor Kolpinga w Hondurasie. Zdenerwowany, nie\u015bwiadomy r\u00f3\u017cnicy strefy czasowej, opowiada jak trudna jest sytuacja w ich kraju. A\u017c dwa gro\u017ane wirusy &#8211; koronawirus i denga szalej\u0105! A ludzie zaczynaj\u0105 g\u0142odowa\u0107! Cz\u0142onkowie Kolpinga w Hondurasie robi\u0105 co mog\u0105, aby pozyska\u0107 \u015brodki finansowe na zakup \u017cywno\u015bci i artyku\u0142\u00f3w higienicznych dla najbiedniejszych, ale te powoli si\u0119 ko\u0144cz\u0105. Z samego rana Magda informuje nas o telefonie i zapada szybka decyzja &#8211; robimy zbi\u00f3rk\u0119. <\/p>\n\n\n\n<p class=\"has-text-color has-text-align-center has-large-font-size has-luminous-vivid-orange-color\"><em>Kolejny raz mamy okazj\u0119 pokaza\u0107, \u017ce kolpingowska solidarno\u015b\u0107, to nie puste has\u0142o. Dzia\u0142amy! <\/em><\/p>\n\n\n\n<p><\/p>\n\n\n\n<p class=\"has-drop-cap has-normal-font-size\">Teraz Ty przypomnij sobie to uczucie kiedy dowiedzia\u0142e\u015b si\u0119, \u017ce koronawirus dotar\u0142 do Polski. Strach, niepewno\u015b\u0107 i ko\u0142acz\u0105ce w g\u0142owie pytania. Czy w sklepach nie zabraknie jedzenia? Czy s\u0142u\u017cba zdrowia jest przygotowana na przyj\u0119cie du\u017cej liczby chorych? A przecie\u017c Polska to jeden z najlepiej rozwini\u0119tych kraj\u00f3w na \u015bwiecie! W Hondurasie wszystko co najgorsze sta\u0142o si\u0119 rzeczywisto\u015bci\u0105. System opieki zdrowotnej jest w bardzo z\u0142ym stanie, a ludzie nie maj\u0105 dost\u0119pu do \u017cywno\u015bci i \u015brodk\u00f3w czysto\u015bci. Epidemia zbiera \u017cniwo&#8230;<\/p>\n\n\n\n<div class=\"wp-block-buttons aligncenter is-layout-flex wp-block-buttons-is-layout-flex\">\n<div class=\"wp-block-button\"><a class=\"wp-block-button__link\" href=\"https:\/\/honduras.kolping.pl\/index.php\/poznaj-sytuacje\/\">Poznaj sytuacj\u0119 w Hondurasie<\/a><\/div>\n\n\n\n<div class=\"wp-block-button is-style-outline is-style-outline--1\"><a class=\"wp-block-button__link\" href=\"https:\/\/honduras.kolping.pl\/index.php\/zobacz-jak-dzialamy\/\">Zobacz jak dzia\u0142amy<\/a><\/div>\n\n\n\n<div class=\"wp-block-button is-style-outline is-style-outline--2\"><a class=\"wp-block-button__link has-text-color has-luminous-vivid-orange-color has-background has-very-light-gray-background-color\" href=\"https:\/\/honduras.kolping.pl\/index.php\/wplac\/\" target=\"_blank\" rel=\"noreferrer noopener\">WP\u0141A\u0106<\/a><\/div>\n<\/div>\n\n\n\n<p><\/p>\n\n\n\n<div class=\"wp-block-image\"><figure class=\"aligncenter size-large is-resized\"><img loading=\"lazy\" decoding=\"async\" src=\"https:\/\/honduras.kolping.pl\/wp-content\/uploads\/2020\/05\/1-2.jpg\" alt=\"\" class=\"wp-image-1947\" width=\"576\" height=\"383\" srcset=\"https:\/\/honduras.kolping.pl\/wp-content\/uploads\/2020\/05\/1-2.jpg 960w, https:\/\/honduras.kolping.pl\/wp-content\/uploads\/2020\/05\/1-2-300x200.jpg 300w, https:\/\/honduras.kolping.pl\/wp-content\/uploads\/2020\/05\/1-2-768x512.jpg 768w\" sizes=\"auto, (max-width: 576px) 100vw, 576px\" \/><figcaption>Cz\u0142onkowie Dzie\u0142a Kolpinga w Hondurasie rozdaj\u0105 racje \u017cywno\u015bciowe w czasie epidemii.<\/figcaption><\/figure><\/div>\n\n\n\n<p><strong>O aktualnej sytuacji w Hondurasie opowiada Magdalena Szczud\u0142o z Dzie\u0142a Kolpinga w Polsce. Pos\u0142uchajcie&#8230;<\/strong><\/p>\n\n\n\n<figure class=\"wp-block-embed-youtube wp-block-embed is-type-video is-provider-youtube wp-embed-aspect-16-9 wp-has-aspect-ratio\"><div class=\"wp-block-embed__wrapper\">\n<iframe loading=\"lazy\" title=\"#RazemDlaHondurasu\" width=\"800\" height=\"450\" src=\"https:\/\/www.youtube.com\/embed\/jyala8bAC9A?feature=oembed\" frameborder=\"0\" allow=\"accelerometer; autoplay; encrypted-media; gyroscope; picture-in-picture\" allowfullscreen><\/iframe>\n<\/div><\/figure>\n","protected":false},"excerpt":{"rendered":"<p>Druga w nocy. Do naszej kole\u017canki z organizacji &#8211; Magdy dzwoni telefon. To Rufino &#8211; dyrektor Kolpinga w Hondurasie. Zdenerwowany, nie\u015bwiadomy r\u00f3\u017cnicy strefy czasowej, opowiada jak trudna jest sytuacja w &#8230;<\/p>\n","protected":false},"author":3,"featured_media":0,"parent":0,"menu_order":0,"comment_status":"closed","ping_status":"closed","template":"template-fullwidth.php","meta":{"give_campaign_id":0,"footnotes":""},"class_list":["post-1579","page","type-page","status-publish","hentry"],"campaignId":"","_links":{"self":[{"href":"https:\/\/honduras.kolping.pl\/index.php\/wp-json\/wp\/v2\/pages\/1579","targetHints":{"allow":["GET"]}}],"collection":[{"href":"https:\/\/honduras.kolping.pl\/index.php\/wp-json\/wp\/v2\/pages"}],"about":[{"href":"https:\/\/honduras.kolping.pl\/index.php\/wp-json\/wp\/v2\/types\/page"}],"author":[{"embeddable":true,"href":"https:\/\/honduras.kolping.pl\/index.php\/wp-json\/wp\/v2\/users\/3"}],"replies":[{"embeddable":true,"href":"https:\/\/honduras.kolping.pl\/index.php\/wp-json\/wp\/v2\/comments?post=1579"}],"version-history":[{"count":32,"href":"https:\/\/honduras.kolping.pl\/index.php\/wp-json\/wp\/v2\/pages\/1579\/revisions"}],"predecessor-version":[{"id":2177,"href":"https:\/\/honduras.kolping.pl\/index.php\/wp-json\/wp\/v2\/pages\/1579\/revisions\/2177"}],"wp:attachment":[{"href":"https:\/\/honduras.kolping.pl\/index.php\/wp-json\/wp\/v2\/media?parent=1579"}],"curies":[{"name":"wp","href":"https:\/\/api.w.org\/{rel}","templated":true}]}}

<p class="has-drop-cap has-normal-font-size">Druga w nocy. Do naszej koleżanki z organizacji &#8211; Magdy dzwoni telefon. To Rufino &#8211; dyrektor Kolpinga w Hondurasie. Zdenerwowany, nieświadomy różnicy strefy czasowej, opowiada jak trudna jest sytuacja w ich kraju. Aż dwa groźne wirusy &#8211; koronawirus i denga szaleją! A ludzie zaczynają głodować! Członkowie Kolpinga w Hondurasie robią co mogą, aby pozyskać środki finansowe na zakup żywności i artykułów higienicznych dla najbiedniejszych, ale te powoli się kończą. Z samego rana Magda informuje nas o telefonie i zapada szybka decyzja &#8211; robimy zbiórkę. </p>



<p class="has-text-color has-text-align-center has-large-font-size has-luminous-vivid-orange-color"><em>Kolejny raz mamy okazję pokazać, że kolpingowska solidarność, to nie puste hasło. Działamy! </em></p>



<p></p>



<p class="has-drop-cap has-normal-font-size">Teraz Ty przypomnij sobie to uczucie kiedy dowiedziałeś się, że koronawirus dotarł do Polski. Strach, niepewność i kołaczące w głowie pytania. Czy w sklepach nie zabraknie jedzenia? Czy służba zdrowia jest przygotowana na przyjęcie dużej liczby chorych? A przecież Polska to jeden z najlepiej rozwiniętych krajów na świecie! W Hondurasie wszystko co najgorsze stało się rzeczywistością. System opieki zdrowotnej jest w bardzo złym stanie, a ludzie nie mają dostępu do żywności i środków czystości. Epidemia zbiera żniwo&#8230;</p>



<div class="wp-block-buttons aligncenter is-layout-flex wp-block-buttons-is-layout-flex">
<div class="wp-block-button"><a class="wp-block-button__link" href="https://honduras.kolping.pl/index.php/poznaj-sytuacje/">Poznaj sytuację w Hondurasie</a></div>



<div class="wp-block-button is-style-outline is-style-outline--1"><a class="wp-block-button__link" href="https://honduras.kolping.pl/index.php/zobacz-jak-dzialamy/">Zobacz jak działamy</a></div>



<div class="wp-block-button is-style-outline is-style-outline--2"><a class="wp-block-button__link has-text-color has-luminous-vivid-orange-color has-background has-very-light-gray-background-color" href="https://honduras.kolping.pl/index.php/wplac/" target="_blank" rel="noreferrer noopener">WPŁAĆ</a></div>
</div>



<p></p>



<div class="wp-block-image"><figure class="aligncenter size-large is-resized"><img loading="lazy" decoding="async" src="https://honduras.kolping.pl/wp-content/uploads/2020/05/1-2.jpg" alt="" class="wp-image-1947" width="576" height="383" srcset="https://honduras.kolping.pl/wp-content/uploads/2020/05/1-2.jpg 960w, https://honduras.kolping.pl/wp-content/uploads/2020/05/1-2-300x200.jpg 300w, https://honduras.kolping.pl/wp-content/uploads/2020/05/1-2-768x512.jpg 768w" sizes="auto, (max-width: 576px) 100vw, 576px" /><figcaption>Członkowie Dzieła Kolpinga w Hondurasie rozdają racje żywnościowe w czasie epidemii.</figcaption></figure></div>



<p><strong>O aktualnej sytuacji w Hondurasie opowiada Magdalena Szczudło z Dzieła Kolpinga w Polsce. Posłuchajcie&#8230;</strong></p>



<figure class="wp-block-embed-youtube wp-block-embed is-type-video is-provider-youtube wp-embed-aspect-16-9 wp-has-aspect-ratio"><div class="wp-block-embed__wrapper">
<iframe loading="lazy" title="#RazemDlaHondurasu" width="800" height="450" src="https://www.youtube.com/embed/jyala8bAC9A?feature=oembed" frameborder="0" allow="accelerometer; autoplay; encrypted-media; gyroscope; picture-in-picture" allowfullscreen></iframe>
</div></figure>

<p>Druga w nocy. Do naszej koleżanki z organizacji &#8211; Magdy dzwoni telefon. To Rufino &#8211; dyrektor Kolpinga w Hondurasie. Zdenerwowany, nieświadomy różnicy strefy czasowej, opowiada jak trudna jest sytuacja w &#8230;</p>
